.
23
Let y be (399/(-12))/((-1)/4). Suppose -r + 5*l - 8 + 7 = 0, r - 39 = -5*l. What is the greatest common divisor of r and y?
19
Suppose -5*g + 239 = -206. Suppose 4*o - 7 = g. Suppose 0 = v - 3*r + 12, -3*v + 7*r - 2*r = 16. What is the greatest common divisor of o and v?
3
Suppose -8*z - 9 = -11*z. Calculate the highest common factor of z and 8.
1
Let a = -490 + 511. Calculate the greatest common factor of a and 3.
3
Let j be (-9)/(-21) + 6640/56. Suppose 4*t - 66 = -y, 4*t - 5*t - y + 15 = 0. What is the greatest common factor of t and j?
17
Let f be (45/6 + -8)/(2/372). Let x = f + 113. Calculate the greatest common divisor of x and 5.
5
Suppose -1 = -3*l - c + 10, -l = -3*c + 13. Let p = l - -34. Suppose 4*s = -4*x + p, -3*s - 6 = -3. Calculate the greatest common factor of x and 30.
10
Let b(s) = -s - 9. Let j be b(-6). Let w be 0/(j + 5) + 4. Let q be w - 4 - (1 - 77). What is the highest common factor of q and 19?
19
Let f = 35 - 31. Let n(m) = 25*m - 10. Let x be n(f). Calculate the highest common factor of 18 and x.
18
Let r(f) = -5*f + 35. Let b(c) = -3*c + 23. Let p(x) = 8*b(x) - 5*r(x). Let j be p(6). Let l = 45 - j. Calculate the greatest common divisor of 240 and l.
30
Let n be 15*-5*(-2 - (-96)/45). Let i be (5/n)/(2/(-168)). What is the greatest common factor of 56 and i?
14
Let p be ((-24)/16)/(1/(-58)). Suppose -q + 3*s = -64, 5*q - 246 = -3*s + 38. Calculate the highest common factor of p and q.
29
Suppose 460 = 2*a + 2*a. Suppose -2*q = 5*j - a, -161 = -4*j + 4*q - 41. Let b be j*-3*1*-1. Calculate the greatest common factor of 50 and b.
25
Suppose 8*x - x - 14 = 0. Suppose -4*r + 20 = x*z, -r = -2*z - 0*r + 10. Let d be (2/6)/(z/108). What is the greatest common divisor of d and 15?
3
Suppose 14 = 7*d - 7. Let q be 40/d*81/36. What is the highest common divisor of q and 45?
15
Let n(o) = 3*o + 54. Let j be n(-18). Suppose j = 7*p - 121 - 264. Let b = 18 + -13. What is the highest common factor of p and b?
5
Let b(j) = 4*j - 26. Let r be b(12). Calculate the greatest common factor of r and 33.
11
Suppose -y = 4*s + 72, -4*s - 72 = -0*s - 3*y. Let g = 37 + s. What is the greatest common factor of g and 1?
1
Let j be 558/10 - (-1)/5. Suppose -44*d + 47*d = 42. What is the greatest common factor of j and d?
14
Suppose -2*d - 4*z = -76, -168*d - 134 = -173*d + 4*z. Let w = -6 - -9. What is the highest common factor of d and w?
3
Let f be (1 - -2) + 37 + -32. What is the greatest common divisor of f and 392?
8
Let t(b) = -b**2 - 5*b - 49. Let a be t(-7). Let x = a - -91. Let w(z) = -14*z**3 + z + 1. Let o be w(-1). Calculate the highest common factor of o and x.
14
Let x(i) be the first derivative of 4*i**2 + 7*i - 9. Let u be x(4). What is the greatest common divisor of u and 13?
13
Suppose -5*h + 3*t + 19 + 36 = 0, -11 = -h - t. Let w be (4 + 0)*(h - -1). Calculate the greatest common divisor of 32 and w.
16
Suppose 60 = 108*w - 103*w. Calculate the highest common divisor of 324 and w.
12
Let v(n) = -2*n**3 - n**2 - 2*n - 3. Let l = -7 - -4. Let t be v(l). Let c = 2032 + -2016. What is the highest common factor of c and t?
16
Let o(b) = 83*b + 2*b - 2 + 1. Let i be o(1). Suppose 6 = -5*f + 66. Calculate the highest common divisor of i and f.
12
Suppose -56 = 3*h - f - 165, 3*f = h - 23. Suppose -3*m = -h - 61. What is the greatest common factor of m and 264?
33
Let f = 98 - 202. Let p be ((-4)/(-6) - f/(-39)) + 82. What is the greatest common factor of 120 and p?
40
Let w = 40 + -23. Let d = -11 + w. Suppose -d*c = -5*c - 140. What is the highest common divisor of 20 and c?
20
Let f(o) = 3*o**2 - 13*o - 2. Let q be f(7). Calculate the highest common divisor of 729 and q.
27
Let j be -1 - (36/(-2))/2. Suppose 14 = 3*f - f - 4*g, f = g + j. Suppose f*w - 96 = 5*w. Calculate the greatest common factor of w and 36.
12
Suppose 4*x - 12 = 12. Suppose -3*w + 4 = -32. Calculate the highest common factor of w and x.
6
Let k(u) = 4*u**2 - 3. Let z = 12 + -10. Let o be k(z). Calculate the highest common divisor of 26 and o.
13
Let g = 3 + -1. Suppose -x = -36 - g. Calculate the highest common divisor of x and 152.
38
Suppose 0 = -17*p + 22*p - 1650. What is the greatest common factor of 605 and p?
55
Let n(s) = s**3 - 7*s**2 - 8*s + 10. Let l be n(8). Let j = l + -6. What is the highest common divisor of 12 and j?
4
Let q(o) = 5*o + 1. Let k be q(2). Let w = k - 7. Suppose -5*d + 3*c = -67, 5*d = -0*c + w*c + 66. What is the greatest common divisor of d and 56?
14
Let j be 3 + (2 - 3) + 14. Let v = 51 + -27. Let r = v - -24. Calculate the greatest common factor of j and r.
16
Suppose 10*l - 7098 = -16*l. What is the highest common divisor of l and 39?
39
Let y(m) = 3*m + 2*m**2 + 1 - m - 37*m**2. Let d be y(-1). Let i be 7*(d/(-28) - -3). What is the greatest common divisor of 120 and i?
30
Suppose -5*y + 0*q = 4*q - 2904, 5*q = -3*y + 1745. Calculate the greatest common divisor of 58 and y.
58
Let z(m) = m**2 + 5*m + 4. Let i be z(-6). Suppose -3*l - l + 200 = 0. Let d be l*(-1 + 1 + 12/24). Calculate the greatest common divisor of i and d.
5
Suppose 3*t - 92 + 17 = 0. Let v be 4 - (-6 + (-3 - -3) + 3). Suppose -q - v = -3*q - a, -a = 5*q - t. Calculate the highest common divisor of q and 12.
6
Let s be (70/21)/((-2)/(-27)). Suppose 5*q = q. Suppose 0*k - 3*k + 29 = -2*m, -4*m - 4 = q. Calculate the highest common divisor of s and k.
9
Let q(k) = 17*k - 140. Let r be q(9). Let j be (2/(-2))/(3/(-429)). What is the highest common factor of r and j?
13
Let p = 85 - 65. Suppose -16*x - 100 = -p*x. Calculate the greatest common divisor of 225 and x.
25
Let k be (-16)/(-12)*(-12)/1. Let x be (-3 - k/12)*-60. Suppose 4*n = 5*o - 200, -2*o + 7*o = 5*n + 200. What is the greatest common divisor of x and o?
20
Let b be (-6288)/(-64) + 2/(-8). Calculate the highest common factor of 1127 and b.
49
Let p = -554 - -659. What is the greatest common factor of p and 7?
7
Let p be (12/(-10))/((-3)/50). Suppose a - 9 = -2*a, 3*d - 3 = a. Suppose -d*o = 8, 34 = 4*i + 2*o + 10. What is the highest common factor of i and p?
4
Suppose -4*n - n + 340 = 0. Let m = 76 - n. Calculate the highest common factor of 56 and m.
8
Let q = -48 + 201. Let w = -145 + q. Calculate the highest common divisor of w and 4.
4
Let u(l) be the second derivative of -l**5/20 + 4*l**4/3 + l**3/3 - 9*l**2 + l + 1. Let s be u(16). What is the greatest common divisor of s and 224?
14
Let j(b) be the first derivative of b**4/4 - 2*b**3/3 - b**2/2 + 2*b - 6. Let w be j(3). Calculate the highest common factor of w and 40.
8
Suppose 0 = -103*l + 2906 + 24698. What is the greatest common divisor of l and 402?
134
Let k be 6 - ((-20)/(16/(-4)) + -2). Suppose 3*n - 381 = -k*c - 0*n, 5 = -n. Calculate the greatest common divisor of 12 and c.
12
Suppose 6*l - 3*l - 15 = 0. Suppose -2*h = -4*m - 0*m + 12, 0 = l*m + 3*h - 26. Let r be (-34)/(-9) + 2/9. Calculate the greatest common divisor of m and r.
4
Let i = -32 + 36. Suppose -5 = -z, -m + 3*z + 3 + i = 0. Calculate the greatest common factor of m and 110.
22
Let t be -3 + 2/2 + 48. Suppose -4*q + 274 = -2*m, 2*q + m - 142 = -3*m. Calculate the highest common factor of t and q.
23
Let a = -61 - -233. Suppose 0 = n - 134 - a. Suppose 4*y - o - 10 = n, -4*y + 4*o + 328 = 0. What is the highest common factor of 13 and y?
13
Suppose 9*v = 5*v + 8. Let c = v - -11. What is the greatest common divisor of c and 13?
13
Suppose -23*b = -29*b + 120. What is the highest common factor of b and 180?
20
Let s = 58 - 17. Let c = s - 29. Let w be (-2)/7 - (-90)/21. What is the highest common divisor of w and c?
4
Let m(d) = d**3 - 2*d**2 + 4. Let q be m(0). Suppose 4*i = -3*f + 53, f - 16 - 15 = -q*i. What is the highest common divisor of f and 187?
11
Let c(d) = d**3 + 18*d**2 - 3*d. Let p be c(-18). What is the greatest common divisor of p and 108?
54
Suppose 2*b = -0*b - 2*k + 42, -95 = -5*b + 5*k. Let v = b + 78. Calculate the greatest common factor of v and 14.
14
Let i(z) = -z**2 + 8*z - 4. Let f be i(6). Let o = 10 + -10. Suppose o = 3*t - 32 - 40. What is the highest common divisor of t and f?
8
Suppose 5*i + 3*t = -3 - 9, 4*t = 4*i - 16. Suppose 5*a + 2*n - 60 = i, -2*a + 0*a + 53 = -5*n. What is the highest common factor of 2 and a?
2
Suppo